c) = -13*c**2 - 9510*c + 38040. What is a(4)?
-208
Let z(n) = n**3 - n**2 - 23260*n + 666. Calculate z(153).
54
Let m(y) = y**3 - 71*y**2 + 545*y + 816. What is m(62)?
10
Let j(q) = -6*q**3 + 352*q**2 + 102*q + 974. Determine j(59).
30
Let s(z) = -22853*z - 365643. What is s(-16)?
5
Let w(k) = -k**3 - 91*k**2 + 26*k - 5902. Give w(-92).
170
Let v(k) = 77*k + 1021. Give v(9).
1714
Let g(d) = d**3 + 45*d**2 + 138*d - 423. Calculate g(-43).
-2659
Let f(i) = 11784*i + 82491. Give f(-7).
3
Let n(y) = 21*y**2 - 754*y - 17604. What is n(52)?
-28
Let f(r) = -r**3 - 19*r**2 + 393*r + 7423. Give f(-20).
-37
Let i(r) = r**3 - 57*r**2 + 420*r + 612. Calculate i(48).
36
Let r(u) = -7171*u - 1842947. Determine r(-257).
0
Let o(u) = 12*u**2 - 1724*u + 10916. Calculate o(137).
-44
Let o(k) = 226*k**2 + 1156*k + 1434. Give o(-3).
0
Let p(m) = 2100*m - 15015. Give p(7).
-315
Let f(c) = 180*c - 3776. Determine f(22).
184
Let t(d) = -d**3 - d**2 + 545*d - 196. What is t(-24)?
-28
Let j(k) = -2*k**2 - 275*k + 772. Determine j(-140).
72
Let x(a) = 6468*a - 181146. Calculate x(28).
-42
Let t(s) = s**2 - 141*s + 2319. Calculate t(21).
-201
Let o(u) = u**3 + 17*u**2 - 225*u - 3954. Calculate o(-20).
-654
Let r(m) = -m**2 + 16905*m - 287117. Calculate r(17).
-21
Let p(k) = 22*k**2 - 25*k - 66. Give p(-4).
386
Let o(x) = 5*x**2 + 3581*x - 25350. What is o(7)?
-38
Let n(l) = l**2 - 9456*l - 198871. Give n(-21).
146
Let m(b) = 4*b**2 + 1057*b + 7269. Calculate m(-7).
66
Let m(n) = 193549*n + 1161291. Calculate m(-6).
-3
Let t(v) = 83*v - 3032. What is t(37)?
39
Let u(h) = 1004*h + 305202. Calculate u(-304).
-14
Let m(l) = 3*l**3 - 65*l**2 + 430*l - 1. Determine m(8).
815
Let a(u) = 524326*u + 5767587. Give a(-11).
1
Let f(i) = i**3 - 35*i**2 + 3639*i - 108981. Calculate f(31).
-16
Let s(p) = 70581*p - 494048. What is s(7)?
19
Let f(s) = 2*s**3 - 6*s**2 - 372*s + 201. Calculate f(15).
21
Let f(w) = -w**3 - 47*w**2 + 102*w + 27. Give f(-49).
-169
Let w(z) = 14*z**3 - 2153*z**2 - 465*z + 352. Calculate w(154).
-110
Let r(p) = -2549*p + 20379. Determine r(8).
-13
Let h(n) = 1121*n - 633352. What is h(565)?
13
Let q(p) = -3*p**2 - 481*p + 11332. Determine q(21).
-92
Let r(d) = 2*d**3 + 220*d**2 + 11*d - 169. Give r(-110).
-1379
Let p(m) = m**2 + 9272*m + 120456. Determine p(-13).
89
Let t(b) = 3*b**3 + 66*b**2 + 51*b + 30. Determine t(-20).
1410
Let z(v) = -31754*v - 190568. Determine z(-6).
-44
Let x(o) = -1271*o + 10834. What is x(8)?
666
Let r(j) = 890446*j - 6233120. Give r(7).
2
Let p(s) = 3146*s - 27532. Calculate p(9).
782
Let h(f) = 59*f - 1530. Give h(17).
-527
Let l(k) = k**3 - 83*k**2 - 239*k - 1693. Determine l(86).
-59
Let c(n) = -n**3 + 4*n**2 - 8053*n + 40289. What is c(5)?
-1
Let z(o) = 48*o**2 - 827*o - 18. Give z(20).
2642
Let b(o) = -2*o**3 - 36*o**2 - 819*o - 5909. Determine b(-9).
4
Let u(t) = -t**3 - 142*t**2 - 194*t - 7440. Determine u(-141).
33
Let d(z) = 7480*z + 44821. Give d(-6).
-59
Let j(v) = -64*v + 1449. Give j(-1).
1513
Let a(z) = -3353*z + 154250. Determine a(46).
12
Let i(p) = -13*p**2 + 66*p + 153. Determine i(7).
-22
Let d(c) = c**3 + 31*c**2 + 167*c + 54. Give d(-24).
78
Let t(g) = -5*g**2 + 4127*g - 52829. What is t(13)?
-23
Let t(a) = 2*a**2 + 375*a + 17335. Calculate t(-100).
-165
Let b(l) = -3*l**3 + 89*l**2 - 197*l - 403. What is b(27)?
110
Let q(a) = -8798*a + 906192. Give q(103).
-2
Let r(d) = -208263*d + 833154. Calculate r(4).
102
Let b(u) = u**2 - 127788*u + 28956347. Determine b(227).
0
Let b(y) = 7869*y + 118011. Calculate b(-15).
-24
Let x(w) = 1054786*w - 9493077. What is x(9)?
-3
Let n(f) = -82*f**2 - 456*f - 365. Determine n(-1).
9
Let m(j) = -78*j**3 - 853*j**2 + 42*j - 182. What is m(-11)?
-39
Let x(u) = 242*u - 13600. Calculate x(56).
-48
Let t(f) = -f**2 + 6*f + 4321. Determine t(69).
-26
Let d(q) = -q**2 - 1545*q + 50451. What is d(32)?
-13
Let y(a) = a**2 + 749*a - 49311. Calculate y(61).
99
Let m(n) = -10*n**3 + 155*n**2 + 77*n - 44. Calculate m(16).
-92
Let o(j) = -1242*j**2 - 1259*j - 20. Calculate o(-1).
-3
Let s(q) = q**3 - 2816*q**2 - 19780*q - 130. Give s(-7).
3
Let j(y) = -y**2 - 91435*y + 731539. Give j(8).
-5
Let a(m) = 4370*m + 35054. Determine a(-8).
94
Let j(l) = 13*l**2 - 1531*l + 5916. Determine j(4).
0
Let p(g) = -3542*g - 4700. Calculate p(-1).
-1158
Let z(y) = 2*y**3 + y**2 + 110*y - 1430. Give z(7).
75
Let r(n) = -42*n**3 + 203*n**2 - 20*n - 6. Determine r(5).
-281
Let g(t) = -1205*t + 18776. What is g(15)?
701
Let n(z) = -25*z**2 + 4743*z + 19376. What is n(-4)?
4
Let s(j) = -7889*j - 252453. Give s(-32).
-5
Let j(d) = 443903*d - 2219553. What is j(5)?
-38
Let y(t) = -810*t**2 + 2442*t - 3. Calculate y(3).
33
Let m(i) = 6143*i - 36985. Determine m(6).
-127
Let i(n) = 6*n**3 - 234*n**2 - 1113*n + 228. What is i(-5)?
-807
Let s(p) = -105*p - 93. What is s(-1)?
12
Let s(u) = -5753*u + 40275. Calculate s(7).
4
Let j(x) = x**2 - 384*x - 12769. Determine j(-31).
96
Let m(k) = 2348*k - 77144. What is m(33)?
340
Let g(u) = 7002*u - 1015274. Calculate g(145).
16
Let d(f) = -5*f**3 + 8*f**2 + 18*f - 93. Determine d(4).
-213
Let y(o) = -982*o**2 + 187564*o - 384. Calculate y(191).
-2
Let i(z) = 201*z - 2096. Give i(11).
115
Let a(y) = 37*y**2 + 3408*y + 283. Calculate a(-92).
-85
Let b(x) = 2756*x - 27122. What is b(9)?
-2318
Let k(h) = -48*h**2 + 4930*h + 106. What is k(102)?
3574
Let t(a) = 583*a**2 - 12639*a + 8315. Give t(21).
-1
Let a(w) = -2873*w + 14663. What is a(5)?
298
Let m(c) = 6*c**2 - 18820*c - 75375. What is m(-4)?
1
Let v(u) = -3803*u - 2243780. Give v(-590).
-10
Let d(v) = 3*v**3 + 12*v**2 - 40*v - 140. Give d(-5).
-15
Let l(q) = -9*q**3 - 296*q**2 - 600*q - 20884. Determine l(-33).
5
Let c(t) = -423*t - 5461. What is c(-12)?
-385
Let q(s) = -4*s**2 - 246*s + 47. Calculate q(-76).
-4361
Let w(n) = -45189*n - 406702. What is w(-9)?
-1
Let y(l) = 2*l**2 + 19*l - 893. Calculate y(-44).
2143
Let j(z) = -1761*z - 61631. What is j(-35)?
4
Let d(o) = -18*o**2 + 2001*o - 341. What is d(111)?
-8
Let u(o) = -10*o**2 + 8603*o - 799553. What is u(106)?
5
Let q(i) = 2*i**3 - 131*i**2 + 1399*i + 13541. Calculate q(-6).
-1
Let l(v) = -v**3 + 9*v**2 + 2816*v - 14099. Calculate l(5).
81
Let n(v) = v**3 - 51*v**2 - 64*v + 48. Calculate n(52).
-576
Let g(f) = 4600*f - 1494907. What is g(325)?
93
Let i(h) = h**3 - 21*h**2 - 44*h + 963. What is i(22)?
479
Let m(l) = -l**3 + 261*l**2 - 4373*l + 425. Calculate m(243).
668
Let x(p) = -8*p**2 + 645*p - 5152. Calculate x(9).
5
Let y(b) = -1133*b + 1104. Calculate y(2).
-1162
Let d(l) = 11*l**2 - 494*l + 846. Calculate d(43).
-57
Let o(x) = 1079*x + 3067. Give o(-3).
-170
Let w(q) = 26579*q + 106967. Give w(-4).
651
Let u(m) = -172268*m - 1378111. Give u(-8).
33
Let w(z) = 10*z**2 + 7836*z + 84984. What is w(-11)?
-2
Let p(o) = -2*o**3 + 711*o**2 - 14053*o + 83. Give p(21).
-1
Let y(l) = l**3 + 256*l**2 - 2009*l - 994. What is y(8)?
-170
Let g(b) = -10*b**2 - 982*b - 9757. Give g(-87).
-13
Let t(m) = -743*m + 9890. Determine t(13).
231
Let w(p) = -34539*p - 16820501. Determine w(-487).
-8
Let t(z) = 12936*z - 1151268. Give t(89).
36
Let t(n) = -5*n**3 + 4*n**2 - 254*n + 2534. What is t(11)?
-6431
Let n(o) = 7*o**2 - 264*o - 81. Determine n(48).
3375
Let n(g) = 26*g**2 - 61*g - 346. Give n(5).
-1
Let o(c) = c**2 + 59971*c - 839797. Give o(14).
-7
Let i(g) = -2*g**3 - 16*g**2 - 572*g - 2167. Calculate i(-4).
-7
Let b(j) = -7406*j - 73870. Calculate b(-10).
190
Let q(r) = -11*r**2 + 74*r + 90. Determine q(14).
-1030
Let t(q) = 2*q**3 - 42*q**2 - 22*q - 205. What is t(22)?
279
Let i(q) = q**3 - 170*q**2 - 2204*q - 5071. Calculate i(-3).
-16
Let p(a) = 458*a - 520. Determine p(3).
854
Let k(l) = l**2 + 223*l + 12257. Calculate k(-100).
-43
Let j(h) = 19*h**2 + 75*h - 711. Calculate j(12).
2925
Let i(s) = 21*s**3 - 109*s**2 - 137*s + 214. What is i(6)?
4
Let v(y) = -10633*y - 10614. Determine v(-1).
19
Let n(q) = 3003*q - 195191. Determine n(65).
4
Let z(b) = 7*b**3 - 1454*b**2 + 13833*b + 64. Give z(10).
-6
Let y(v) = -2790*v + 42074. Calculate y(15).
224
Let d(j) = 1496*j + 381525. Give d(-255).
45
Let m(y) = -13*y**2 - 186*y + 890. Give m(4).
-62
Let g(c) = c**3 + 191*c**2 - 2891*c - 2974. Determine g(15).
11
Let m(g) = g**3 - 386*g**2 - 752*g - 9197. Give m(388).
115